3
Suppose -2*g + 18 = 2*n + 2*g, -3*n + 4*g - 3 = 0. Let z = -11 - -19. Suppose -y - n*k = 4, 2*y + 1 - z = -k. List the prime factors of y.
5
Suppose -5*j + 6*j = 4. Suppose 20 = 4*l - 0*l, -j*y = -4*l - 44. List the prime factors of y.
2
Suppose -63*p - 936 = -66*p. What are the prime factors of p?
2, 3, 13
Suppose 12 = -3*m, 0 = k - m - 0 - 5. What are the prime factors of 3*-47*k/(-3)?
47
Let p(d) = -d**2 - 7*d - 1. Let s be p(-6). Suppose g - 3*g = 3*t - 31, -s*g = -4*t - 43. List the prime factors of g.
11
Let o be 1 - 2 - (9 - 2). Let b(g) be the third derivative of g**6/120 + 7*g**5/60 - g**4/3 + 3*g**3/2 + g**2. What are the prime factors of b(o)?
3
What are the prime factors of ((-1)/((-20)/(-32)))/(6/(-525))?
2, 5, 7
Let k(y) = y + 25. What are the prime factors of k(0)?
5
What are the prime factors of (-3)/(28/(-12) + 2)?
3
Suppose 54 = -3*f + 5*h, 8*f - 3*f + 90 = 5*h. Let z = f - -35. List the prime factors of z.
17
Suppose -p + 3*s = 2, -4*s = 3*p + 12 + 20. Suppose -1 = 2*n - 3. Let u = n - p. What are the prime factors of u?
3
Let v = -18 - -41. List the prime factors of v.
23
Let z = 3 + 0. Suppose 0 = -2*m + 3*w + 9 + 18, -3*m = -5*w - 39. Suppose g - 2 = -2*a, 2*g + z*g + m = 4*a. List the prime factors of a.
2
Let m(o) = -3*o**2 - 2 - 32*o**3 + 2 + 33*o**3 + 2*o. List the prime factors of m(3).
2, 3
Let d = -10 - -9. List the prime factors of 5 - -8 - 0/d.
13
Let q = -35 - -4. Let v = -12 - q. List the prime factors of v.
19
Suppose 0 = -3*x + x + 118. What are the prime factors of x?
59
Let x = 75 - 45. Suppose -3*c + x = 2*c. What are the prime factors of c?
2, 3
Let z = -6 - -11. Suppose -x = -0*x - z. Suppose x*i = 10 - 0. What are the prime factors of i?
2
Suppose -15 = 5*z, j - 5*z = 17 + 3. Suppose 0 = -3*x + w + 9, 2*w = -j*x - 2*w + 15. List the prime factors of x.
3
Let p be (-1 - 6/(-2)) + -6. Let v be 2/p*(1 + -13). What are the prime factors of v + (-2)/(2 + -4)?
7
Suppose 0 = -4*u - q + 12, -4*q + 23 = 2*u + 3. Suppose -u*d + 42 = d. What are the prime factors of d?
2, 7
Suppose -s = 3*s - 36. What are the prime factors of s?
3
Let j be 125/(-3) - 1/3. Let f = -7 - j. What are the prime factors of f?
5, 7
Let z(l) = 8*l - 3. List the prime factors of z(5).
37
Let w = -24 - -14. Let f = -10 - w. List the prime factors of (2 - 0)*(f - -10).
2, 5
Let m(b) = -b**3 - 5*b**2 + 5*b - 6. List the prime factors of m(-7).
3, 19
Suppose r = -0 - 17. Let l = -12 - r. List the prime factors of l.
5
Let g(r) = -r**3 + 2*r**2 - r + 1. Let u be g(-2). What are the prime factors of (u/(-4))/(1/(-4))?
19
Let d = 0 - -2. Suppose -5*u + 19 - 1 = o, d*u = -o + 9. Suppose u*v - 9 = -4*q, 0 = -q - 0*v + 2*v + 16. What are the prime factors of q?
2, 3
Suppose 0 = 2*o - 33 - 1. List the prime factors of o.
17
List the prime factors of 3/(3/68) + 0.
2, 17
Let i(c) = c**3 - 5*c**2 - 4*c + 2. Let l be i(5). Suppose 0 = 3*q - 5*y - 73, 9*y = 5*q + 4*y - 135. Let v = q + l. List the prime factors of v.
13
Let r be 7 - 3 - (0 - -1). Let w(q) = 3*q - 1. List the prime factors of w(r).
2
Suppose 12 = -3*h + 4*h. List the prime factors of h.
2, 3
Let l(i) = -2*i**2. Let s be l(-3). Let y = s + 25. List the prime factors of y.
7
Let f(j) = j**3 + 7*j**2 - 2*j - 5. Suppose 24 = 6*p - 5*p. Suppose -3*q - p = -3. List the prime factors of f(q).
3
Let b(x) = x**2 - 3*x + 1. Let d be b(4). Suppose 0 = -6*l + d*l + 2. What are the prime factors of l?
2
Let n(b) = 3*b - 1. List the prime factors of n(18).
53
Let y(j) be the second derivative of 2*j + 0 + 2/3*j**3 - 1/2*j**2. What are the prime factors of y(2)?
7
Let b = -86 + 156. List the prime factors of b.
2, 5, 7
Suppose -i + 7 = -4*j - 12, 0 = i - 5*j - 14. Let z = i + -27. List the prime factors of z.
2, 3
Let p(x) be the first derivative of -x**3/3 + 2*x**2 + 5*x - 3. Let k be p(4). Suppose -2*i + 2*m = -3*i + k, -m + 27 = 4*i. What are the prime factors of i?
7
What are the prime factors of (-14)/(-2)*9 + 0?
3, 7
Let w(v) = -v**3 - 3*v**2 - v - 4. Let z be (-36)/20*(-20)/6. Suppose c + z = 2. List the prime factors of w(c).
2
Suppose 0 = 2*a + c + 4*c + 17, -4*a = -4*c - 36. Let i be (-7)/2*a/(-7). Let b = i + 1. What are the prime factors of b?
3
Suppose -10*s - 175 = -1185. List the prime factors of s.
101
Suppose -3*n + 40 = -5*n. Let d = n + 29. What are the prime factors of d?
3
Let x(f) = 3*f**3 - 4*f**3 + 20 + f - 8 - 10*f**2. Suppose 2*y + 28 = 8. What are the prime factors of x(y)?
2
Let z be (-35)/7*18/5. What are the prime factors of ((-5)/3)/(2/z)?
3, 5
Suppose -616 = -4*a - 4*l - 0*l, -2*a + 310 = 4*l. What are the prime factors of a?
3, 17
Let i = -27 + 57. What are the prime factors of i?
2, 3, 5
Let j = 0 - -4. Suppose 32 = j*u + 8. What are the prime factors of u?
2, 3
Let z be ((-56)/(-42))/((-2)/(-150)). List the prime factors of z/4 + 2 + -2.
5
Let f = -10 - -16. What are the prime factors of f?
2, 3
What are the prime factors of -1 - 0 - -39 - 3?
5, 7
Suppose 6*v + 11 = 53. What are the prime factors of v?
7
Let b(o) = 8*o + 17. What are the prime factors of b(8)?
3
Suppose 8 = u - 5*l - 5, 5*u + 2*l = 65. Let f = u + -9. What are the prime factors of f?
2
Suppose -6*q - 5*q + 1430 = 0. What are the prime factors of q?
2, 5, 13
Suppose -x = x - 12. What are the prime factors of (-1089)/(-44) + x/(-8)?
2, 3
Let u(t) = 95*t**2. List the prime factors of u(-1).
5, 19
Suppose -4*j + 12 - 4 = 0. List the prime factors of j.
2
Suppose 2*r - 178 = -2*t, -5*t + r = -0*r - 415. List the prime factors of t.
2, 3, 7
Suppose -5*h - 31 = -1. List the prime factors of 120/9 - (-2)/h.
13
Let a = -1 - -4. Suppose -2*d = -a*d + 1. List the prime factors of 1 - d - (-15 + 3).
2, 3
List the prime factors of 100/(3*12/18).
2, 5
Suppose 4*j = 4*k + j - 2, -2*k - j + 6 = 0. Suppose -1 + 17 = k*q. Let v(c) = 2*c - 9. List the prime factors of v(q).
7
Let i = -3 - -2. Let z be 0 - (-2 + -39 - i). Suppose -z = -5*o + 5*l, -3*o - 7 + 47 = l. List the prime factors of o.
2, 3
What are the prime factors of ((-146)/2)/(6/(-12))?
2, 73
Suppose -5*n = -10, n = 3*v - 5*v + 40. Let j = 31 - v. List the prime factors of j.
2, 3
Suppose 13 = -v - 4*j, 0 = 2*v - 3*j - 2*j - 26. Suppose 5*p - v - 55 = 3*h, 3*h + 2*p + 44 = 0. Let d = h + 22. List the prime factors of d.
2, 3
Suppose -56 = -2*t + 4. List the prime factors of t.
2, 3, 5
Let v(y) = -14*y - 20. Let j(w) = -5*w - 7. Suppose -3*m - 2*m + 85 = 0. Let q(n) = m*j(n) - 6*v(n). What are the prime factors of q(-1)?
2
Let s = 2 - -3. Let n = 0 + s. Let v = 25 - n. List the prime factors of v.
2, 5
Let q = 147 - 97. What are the prime factors of q?
2, 5
Suppose 9 + 6 = 3*g. Let r(j) = 2*j - 5. Let z be r(g). Suppose 0 = 2*v - z*v + 12. List the prime factors of v.
2
Let k(f) = f**2 - 3*f + 3. Suppose 4*p - 11 = w + 2, 0 = 5*w + 25. Let y be k(p). Suppose 6 = r - m + y, 5*r + m - 19 = 0. List the prime factors of r.
2
Suppose d = -21 - 28. Let r = d - -75. Suppose -i + 4 = 2*w - 13, w - r = 3*i. List the prime factors of w.
11
Let b be (-1 - 57)/(10/(-5)). Suppose 4*r = b - 113. List the prime factors of (r/(-12))/((-2)/(-24)).
3, 7
Let v be 1 + (-6*1)/(-2). Suppose m = -4*m, 0 = v*b + 2*m - 12. List the prime factors of b.
3
Let y = 28 + -16. Suppose -3*i - y = -6*i. Suppose i*u = 8*u - 28. List the prime factors of u.
7
Suppose g + 5 - 15 = 0. Let d = g - -22. List the prime factors of d.
2
Suppose -3*h + 130 + 152 = 0. List the prime factors of h.
2, 47
Let k(r) = -r**3 - r**2 + 2*r + 174. What are the prime factors of k(0)?
2, 3, 29
Suppose -5*d = -8*d + 153. Let o = d + -17. Suppose -o = -3*j + 17. List the prime factors of j.
17
Suppose 17*n - 22*n + 715 = 0. List the prime factors of n.
11, 13
Suppose 2*v - 35 = 29. What are the prime factors of v?
2
Let g(x) = -2*x - 4 + 3*x**2 - x - 2*x. Let q be g(11). List the prime factors of q/52 - (-2)/13.
2, 3
Let n be 0 + (0 - 2) - -6. Suppose 0 = -n*j - 4, 75 = 5*z - j + 6*j. What are the prime factors of z?
2
Suppose 55 = 5*z - 65. List the prime factors of z.
2, 3
What are the prime factors of (6 - 2) + (-1 - -5) + 26?
2, 17
What are the prime factors of ((-105)/(-20))/(6/16)?
2, 7
Let d(t) = t**2 - 2*t - 3. Let x be d(-2). Suppose -38 = -x*o + 32. List the prime factors of o.
2, 7
What are the prim